 divide 60079851?
True
Is 38983206 a multiple of 15?
False
Is 57340096 a multiple of 32?
True
Is 165 a factor of 40248463?
False
Is 84520922 a multiple of 13?
False
Is 3475 a factor of 230905311?
False
Is 601 a factor of 326243835?
True
Does 868 divide 2586289575?
False
Is 65248038 a multiple of 9?
True
Does 2552 divide 74947136?
True
Does 768 divide 2254174548?
False
Does 1124 divide 541113756?
False
Is 135 a factor of 1249553790?
True
Does 10 divide 64063343?
False
Is 248054972 a multiple of 142?
True
Is 2966342975 a multiple of 632?
False
Is 21 a factor of 2973572679?
True
Does 64 divide 93341888?
True
Is 18578424 a multiple of 372?
True
Is 8 a factor of 1662987?
False
Is 15 a factor of 1840163955?
True
Is 25 a factor of 91116075?
True
Is 21165262 a multiple of 548?
False
Does 145 divide 462395862?
False
Is 56746184 a multiple of 589?
False
Is 720 a factor of 30838012?
False
Is 519 a factor of 41601483?
True
Is 387904674 a multiple of 477?
False
Does 3612 divide 149074736?
False
Is 141 a factor of 1392998925?
True
Is 17 a factor of 42473611?
False
Is 607347116 a multiple of 1764?
False
Is 65069721 a multiple of 490?
False
Is 25148441 a multiple of 4?
False
Is 11 a factor of 2739097767?
False
Does 506 divide 90279508?
True
Does 158 divide 588068?
False
Does 953 divide 227085605?
True
Does 74 divide 768311649?
False
Is 207 a factor of 1269316962?
True
Does 12 divide 278712834?
False
Is 6 a factor of 415191833?
False
Is 50 a factor of 41178000?
True
Does 300 divide 1131836100?
True
Is 106661088 a multiple of 3030?
False
Is 437 a factor of 71125246?
True
Is 2134 a factor of 76395122?
False
Is 11401578 a multiple of 219?
True
Is 3975250 a multiple of 250?
True
Does 173 divide 56890877?
True
Does 4 divide 6055201?
False
Is 3011752368 a multiple of 892?
True
Does 1917 divide 9537744?
False
Is 1048462 a multiple of 131?
False
Is 518 a factor of 35055650?
True
Is 453 a factor of 2567448972?
False
Is 138718201 a multiple of 15?
False
Does 554 divide 430672143?
False
Is 3277300643 a multiple of 29?
True
Does 631 divide 238592458?
True
Does 16 divide 4397979?
False
Is 14 a factor of 68651170?
True
Is 143623904 a multiple of 113?
True
Is 636 a factor of 701544252?
True
Does 109 divide 443692893?
True
Does 74 divide 5043840?
True
Is 497 a factor of 115593361?
False
Does 576 divide 225359424?
True
Is 114 a factor of 95753730?
True
Is 36333041 a multiple of 996?
False
Is 1929320178 a multiple of 354?
True
Is 3 a factor of 5364761?
False
Is 5102336 a multiple of 79?
False
Is 341 a factor of 8406673?
True
Is 423 a factor of 49928160?
False
Is 1433 a factor of 534066255?
False
Is 33 a factor of 190692455?
False
Does 40 divide 4169080?
True
Is 2 a factor of 25709088?
True
Is 18 a factor of 1073513646?
True
Is 6331 a factor of 392578979?
True
Is 1430 a factor of 338864329?
False
Is 61462716 a multiple of 3291?
True
Is 28408275 a multiple of 255?
True
Does 11 divide 5561126027?
False
Is 2203 a factor of 145160076?
True
Is 12 a factor of 73985374?
False
Is 871 a factor of 365354649?
False
Does 4183 divide 72120919?
False
Is 346 a factor of 61768958?
True
Is 953 a factor of 450812838?
True
Is 339 a factor of 29901495?
True
Is 8 a factor of 174847358?
False
Is 99059272 a multiple of 221?
True
Is 80 a factor of 1071474480?
True
Is 24595526 a multiple of 7312?
False
Does 5 divide 54624703?
False
Is 27 a factor of 157045645?
False
Is 610720648 a multiple of 323?
True
Does 25 divide 24080725?
True
Is 1473790955 a multiple of 4305?
False
Is 24941004 a multiple of 1158?
True
Is 321 a factor of 90265842?
True
Does 28 divide 108988684?
True
Does 291 divide 51989016?
False
Is 540 a factor of 81605052?
False
Is 629247645 a multiple of 58?
False
Is 13661914 a multiple of 93?
False
Does 22 divide 15396537?
False
Does 46 divide 30764926?
False
Is 13919844 a multiple of 214?
True
Is 40536561 a multiple of 13?
True
Does 867 divide 960841857?
False
Is 4 a factor of 74719454?
False
Does 5 divide 74414750?
True
Is 88063759 a multiple of 225?
False
Is 139696410 a multiple of 2701?
False
Is 24 a factor of 1266636744?
True
Is 351911629 a multiple of 1540?
False
Is 10 a factor of 1276988170?
True
Does 1320 divide 53867880?
True
Is 5 a factor of 1106664?
False
Is 62 a factor of 120124690?
True
Is 140923860 a multiple of 3540?
True
Does 9 divide 3064921?
False
Is 542 a factor of 16494144?
True
Does 6 divide 10019097?
False
Is 31260096 a multiple of 16?
True
Is 32813133 a multiple of 100?
False
Is 1447550 a multiple of 425?
True
Is 926 a factor of 1206419654?
True
Does 44 divide 182173992?
True
Does 8 divide 149290020?
False
Is 2 a factor of 3850901?
False
Is 3103 a factor of 1517987600?
True
Is 7228 a factor of 2591904779?
False
Does 71 divide 636123137?
False
Does 111 divide 16249179?
True
Is 21 a factor of 70736635?
False
Is 228 a factor of 168394885?
False
Is 62 a factor of 31021275?
False
Does 279 divide 279512244?
True
Is 5327834 a multiple of 451?
False
Is 32 a factor of 118961985?
False
Does 676 divide 258720947?
False
Is 5059 a factor of 638088135?
False
Is 228 a factor of 8707267?
False
Is 28684999 a multiple of 5?
False
Does 340 divide 29509757?
False
Is 2316477407 a multiple of 763?
False
Does 2418 divide 1108907521?
False
Is 13830544 a multiple of 1196?
True
Is 704371779 a multiple of 944?
False
Does 302 divide 1044711235?
False
Does 21 divide 1574223?
True
Is 193919529 a multiple of 127?
False
Does 2046 divide 161107770?
False
Is 93 a factor of 2386566?
True
Does 2 divide 10164875?
False
Does 327 divide 59279541?
True
Is 15 a factor of 104473605?
True
Is 58 a factor of 101830228?
False
Is 127469062 a multiple of 39?
False
Does 452 divide 35513257?
False
Is 3236520 a multiple of 659?
False
Is 827449477 a multiple of 277?
False
Is 277911234 a multiple of 1483?
True
Is 10 a factor of 150219119?
False
Is 295385875 a multiple of 125?
True
Does 8154 divide 482716800?
True
Does 187 divide 820529?
False
Is 24 a factor of 491460743?
False
Is 17 a factor of 2158007536?
False
Is 4836051 a multiple of 9?
True
Does 112 divide 28771972?
False
Is 4549 a factor of 886291321?
False
Does 1427 divide 92874857?
False
Does 3112 divide 31568128?
True
Does 6445 divide 884730737?
False
Is 14814309 a multiple of 337?
False
Does 10 divide 3028225520?
True
Is 51 a factor of 50622933?
False
Does 1517 divide 552431519?
False
Does 1358 divide 24738686?
True
Is 203 a factor of 1684465986?
True
Is 34 a factor of 1154719968?
True
Is 198013377 a multiple of 4?
False
Is 266146237 a multiple of 2771?
True
Does 20 divide 30251760?
True
Is 70908765 a multiple of 1437?
True
Is 1432 a factor of 41194344?
True
Does 4 divide 3262717?
False
Is 64472551 a multiple of 121?
True
Is 23 a factor of 66135155?
False
Is 28 a factor of 1290479791?
False
Does 654 divide 498214584?
True
Is 10 a factor of 19410028?
False
Does 4 divide 495619355?
False
Does 9976 divide 45869648?
True
Does 58 divide 61271450?
False
Is 2074237914 a multiple of 14?
True
Does 746 divide 35103935?
False
Is 1424572990 a multiple of 20?
False
Is 165420156 a multiple of 6?
True
Is 32 a factor of 85511008?
True
Does 158 divide 39693492?
False
Does 3018 divide 755713236?
True
Does 532 divide 2628201?
False
Is 225841995 a multiple of 87?
True
Is 292 a factor of 36551207?
False
Is 136619 a multiple of 673?
True
Does 180 divide 599934420?
True
Is 44252023 a multiple of 1403?
True
Is 180280495 a multiple of 37?
False
Does 2437 divide 1555032641?
True
Is 23184079 a multiple of 1669?
True
Does 14 divide 25637682?
True
Is 104 a factor of 31492289?
False
Is 208905989 a multiple of 5126?
False
Is 2240153 a multiple of 4?
False
Is 8829437 a multiple of 70?
False
Is 8 a factor of 62900043?
False
Is 90408083 a multiple of 160?
False
Does 39 divide 30937879?
False
Does 1838 divide 6018413?
False
Is 5 a factor of 78607332?
False
Is 45577011 a multiple of 10?
False
Is 2 a factor of 42631052?
True
Does 11 divide 286807377?
False
Is 150 a factor of 74536692?
False
Does 138 divide 1182828084?
True
Does 132 divide 275444389?
False
Does 147 divide 46090617?
False
Does 12 divide 69154188?
True
Is 5431693 a multiple of 8?
False
Is 7274333 a multiple of 1199?
True
Is 108 a factor of 21923620?
False
Is 103454529 a multiple of 237?
True
Is 124 a factor of 10073953?
False
Does 